{"id":146,"date":"2020-03-29T12:55:22","date_gmt":"2020-03-29T12:55:22","guid":{"rendered":"http:\/\/smartmodels.pl\/?page_id=146"},"modified":"2021-02-03T15:50:51","modified_gmt":"2021-02-03T13:50:51","slug":"sm-1-0-general-pl","status":"publish","type":"page","link":"https:\/\/smartmodels.pl\/index.php\/pl\/models-pl\/sm-1-0-general-pl\/","title":{"rendered":"SmartModel Car &#8211; opis"},"content":{"rendered":"\n<h2>Opis<\/h2>\n\n\n\n<p style=\"font-size:15px\"><a href=\"http:\/\/smartmodels.pl\/index.php\/pl\/models-pl\/smart-model-1-0-car-pl\/\">Model<\/a> zosta\u0142 zbudowany na bazie samochodu Traxxas Slash 2WD nap\u0119dzanym przez szczotkowy silnik Titan 12T550. <\/p>\n\n\n\n<p style=\"font-size:15px\">Na p\u0142ycie podwozia zosta\u0142 zamontowany komputer pok\u0142adowy &#8211; Nvidia Jetson Nano, kt\u00f3ry w trybie autonomicznym steruje samochodem na podstawie obraz\u00f3w otrzymywanych z kamery. Ponadto, zamocowano dodatkowe zasilanie, mikrokontrolery oraz liczne czujniki (czujniki odleg\u0142o\u015bci, czujnik halla, akcelerometr, \u017cyroskop, magnetometr, GPS), kt\u00f3re jednak nie s\u0105 wykorzystywane w aktualnej wersji systemu sterowania.<\/p>\n\n\n\n<p style=\"font-size:15px\">Samoch\u00f3d zosta\u0142 zaprogramowany do jazdy po autorskim mini <a href=\"http:\/\/smartmodels.pl\/index.php\/pl\/models-pl\/smart-model-1-0-track-pl\/\">torze <\/a>z 9 zakr\u0119tami i d\u0142ugo\u015bci ok 75m.<\/p>\n\n\n\n<p style=\"font-size:15px\">Model sterowania autonomicznego sk\u0142ada si\u0119 z dw\u00f3ch modu\u0142\u00f3w: <br><br>          1. modelu rozpoznawania toru na podstawie obraz\u00f3w przekazywanych z kamery,<br>          2. modelu jazdy opartego na sieci neuronowej <\/p>\n\n\n\n<p style=\"font-size:15px\">Model jazdy zosta\u0142 &#8220;wytrenowany&#8221; za pomoc\u0105 algorytmu reinforcement learning w symulatorze AirSim opartym na silniku Unreal Engine 4.<\/p>\n\n\n\n<p style=\"font-size:15px\">Zapraszam do obejrzenia <a href=\"http:\/\/smartmodels.pl\/index.php\/pl\/models-pl\/smart-model-1-0-drive-pl\/\">nagrania <\/a>z przejazdu.<\/p>\n","protected":false},"excerpt":{"rendered":"<p>Opis Model zosta\u0142 zbudowany na bazie samochodu Traxxas Slash 2WD nap\u0119dzanym przez szczotkowy silnik Titan 12T550. Na p\u0142ycie podwozia zosta\u0142 zamontowany komputer pok\u0142adowy &#8211; Nvidia Jetson Nano, kt\u00f3ry w trybie autonomicznym steruje samochodem na podstawie obraz\u00f3w otrzymywanych z kamery. Ponadto, zamocowano dodatkowe zasilanie, mikrokontrolery oraz liczne czujniki (czujniki odleg\u0142o\u015bci, czujnik halla, akcelerometr, \u017cyroskop, magnetometr, GPS), &hellip; <\/p>\n<p class=\"link-more\"><a href=\"https:\/\/smartmodels.pl\/index.php\/pl\/models-pl\/sm-1-0-general-pl\/\" class=\"more-link\">Continue reading<span class=\"screen-reader-text\"> &#8220;SmartModel Car &#8211; opis&#8221;<\/span><\/a><\/p>\n","protected":false},"author":1,"featured_media":0,"parent":60,"menu_order":0,"comment_status":"closed","ping_status":"closed","template":"","meta":[],"_links":{"self":[{"href":"https:\/\/smartmodels.pl\/index.php\/wp-json\/wp\/v2\/pages\/146"}],"collection":[{"href":"https:\/\/smartmodels.pl\/index.php\/wp-json\/wp\/v2\/pages"}],"about":[{"href":"https:\/\/smartmodels.pl\/index.php\/wp-json\/wp\/v2\/types\/page"}],"author":[{"embeddable":true,"href":"https:\/\/smartmodels.pl\/index.php\/wp-json\/wp\/v2\/users\/1"}],"replies":[{"embeddable":true,"href":"https:\/\/smartmodels.pl\/index.php\/wp-json\/wp\/v2\/comments?post=146"}],"version-history":[{"count":14,"href":"https:\/\/smartmodels.pl\/index.php\/wp-json\/wp\/v2\/pages\/146\/revisions"}],"predecessor-version":[{"id":846,"href":"https:\/\/smartmodels.pl\/index.php\/wp-json\/wp\/v2\/pages\/146\/revisions\/846"}],"up":[{"embeddable":true,"href":"https:\/\/smartmodels.pl\/index.php\/wp-json\/wp\/v2\/pages\/60"}],"wp:attachment":[{"href":"https:\/\/smartmodels.pl\/index.php\/wp-json\/wp\/v2\/media?parent=146"}],"curies":[{"name":"wp","href":"https:\/\/api.w.org\/{rel}","templated":true}]}}